when 9487560 is divided by 1897512?
0
Calculate the remainder when 21440968 is divided by 151.
25
What is the remainder when 44802 is divided by 908?
310
What is the remainder when 431018 is divided by 2449?
2443
Calculate the remainder when 436298 is divided by 27.
5
Calculate the remainder when 11082496 is divided by 5.
1
Calculate the remainder when 3192523 is divided by 3600.
2923
What is the remainder when 293391 is divided by 789?
672
What is the remainder when 51990 is divided by 2734?
44
What is the remainder when 13005649 is divided by 57?
16
What is the remainder when 2076155 is divided by 16?
11
Calculate the remainder when 10221975 is divided by 12651.
12618
Calculate the remainder when 332934 is divided by 332827.
107
Calculate the remainder when 21398241 is divided by 21398240.
1
Calculate the remainder when 7404369 is divided by 8.
1
What is the remainder when 1916418 is divided by 195?
153
Calculate the remainder when 108602910 is divided by 1670814.
0
Calculate the remainder when 141241550 is divided by 174.
8
Calculate the remainder when 897325 is divided by 149543.
67
What is the remainder when 28843 is divided by 28432?
411
What is the remainder when 684237 is divided by 20?
17
Calculate the remainder when 62624 is divided by 20509.
1097
What is the remainder when 59216 is divided by 1415?
1201
Calculate the remainder when 137392708 is divided by 34348174.
12
Calculate the remainder when 1358608 is divided by 475.
108
Calculate the remainder when 9413203 is divided by 528.
19
What is the remainder when 2126585 is divided by 155?
140
What is the remainder when 191628 is divided by 190531?
1097
What is the remainder when 19844926 is divided by 204?
10
What is the remainder when 107397195 is divided by 3367?
3363
What is the remainder when 356228 is divided by 456?
92
Calculate the remainder when 229939 is divided by 76406.
721
Calculate the remainder when 460587 is divided by 1181.
1178
Calculate the remainder when 12714380 is divided by 527.
505
What is the remainder when 2821662 is divided by 73?
66
What is the remainder when 4722565 is divided by 674642?
71
Calculate the remainder when 20462 is divided by 590.
402
Calculate the remainder when 3584417 is divided by 38542.
11
What is the remainder when 38579 is divided by 3682?
1759
What is the remainder when 25895998 is divided by 2080?
2078
Calculate the remainder when 390306 is divided by 390055.
251
Calculate the remainder when 531638 is divided by 7497.
6848
What is the remainder when 3125358 is divided by 14?
12
What is the remainder when 116429 is divided by 29094?
53
Calculate the remainder when 2192256 is divided by 34252.
128
What is the remainder when 5229299 is divided by 116205?
74
Calculate the remainder when 169164009 is divided by 84581998.
13
What is the remainder when 5116 is divided by 3063?
2053
What is the remainder when 9694895 is divided by 33?
23
Calculate the remainder when 45749 is divided by 21627.
2495
Calculate the remainder when 6414223 is divided by 1282841.
18
What is the remainder when 2316955 is divided by 6?
1
What is the remainder when 12575681 is divided by 171?
170
Calculate the remainder when 9534115 is divided by 794505.
55
What is the remainder when 11873013 is divided by 7416?
7413
What is the remainder when 10080056 is divided by 172?
168
Calculate the remainder when 19977 is divided by 1359.
951
What is the remainder when 1345428845 is divided by 16?
13
Calculate the remainder when 1636836628 is divided by 7590.
7588
Calculate the remainder when 24890948 is divided by 1330.
1328
What is the remainder when 4657234 is divided by 62?
42
What is the remainder when 14062540 is divided by 805?
800
What is the remainder when 4797 is divided by 212?
133
What is the remainder when 713912 is divided by 776?
768
Calculate the remainder when 14172607 is divided by 1975.
7
What is the remainder when 203856 is divided by 2998?
2990
Calculate the remainder when 107554 is divided by 107426.
128
Calculate the remainder when 507579 is divided by 20281.
554
Calculate the remainder when 38883232 is divided by 1555328.
32
Calculate the remainder when 23465662 is divided by 1380332.
18
What is the remainder when 431417 is divided by 21538?
657
Calculate the remainder when 318336 is divided by 446.
338
Calculate the remainder when 26627049 is divided by 1760.
9
Calculate the remainder when 17306213 is divided by 2291.
2290
What is the remainder when 46338 is divided by 1899?
762
What is the remainder when 15329856 is divided by 41432?
16
What is the remainder when 10695008 is divided by 8468?
8392
What is the remainder when 7676555 is divided by 11190?
215
Calculate the remainder when 29062775 is divided by 1263598.
21
Calculate the remainder when 42788 is divided by 20746.
1296
Calculate the remainder when 674106 is divided by 2879.
420
What is the remainder when 48167326 is divided by 16?
14
What is the remainder when 4132 is divided by 605?
502
What is the remainder when 24467943 is divided by 129?
126
Calculate the remainder when 1356335 is divided by 26.
19
Calculate the remainder when 23561431 is divided by 1063.
36
What is the remainder when 165708 is divided by 5035?
4588
Calculate the remainder when 98313862 is divided by 38.
34
Calculate the remainder when 65284111 is divided by 16.
15
Calculate the remainder when 478838919 is divided by 35.
34
Calculate the remainder when 372377 is divided by 10951.
43
What is the remainder when 324356 is divided by 1202?
1018
Calculate the remainder when 2813656 is divided by 40.
16
What is the remainder when 2081551 is divided by 251?
8
Calculate the remainder when 35129208 is divided by 1663.
1659
What is the remainder when 719496 is divided by 10604?
9028
Calculate the remainder when 1186760 is divided by 395573.
41
What is the remainder when 28516 is divided by 4746?
40
What is the remainder when 558868 is divided by 2109?
2092
Calculate the remainder when 838992 is divided by 10896.
0
What is the remainder when 287942871 is divided by 7?
6
What is the remainder when 91619 is divided by 30489?
152
Calculate the remainder when 198890 is divided by 619.
191
What is the remainder when 135131 is divided by 135080?
51
Calculate the remainder when 7735989 is divided by 1289330.
9
What is the remainder when 9879260 is divided by 1097695?
5
What is the remainder when 70789 is divided by 524?
49
Calculate the remainder when 43606 is divided by 2091.
1786
What is the remainder when 2488749 is divided by 415?
409
Calculate the remainder when 783183 is divided by 85.
78
Calculate the remainder when 3200006 is divided by 1284.
278
Calculate the remainder when 317042 is divided by 4465.
27
Calculate the remainder when 52030 is divided by 1341.
1072
What is the remainder when 107180 is divided by 334?
300
What is the remainder when 1239746 is divided by 51?
38
Calculate the remainder when 17573776 is divided by 31.
0
What is the remainder when 52372 is divided by 3499?
3386
Calculate the remainder when 385419 is divided by 13763.
55
Calculate the remainder when 17065063 is divided by 362.
21
Calculate the remainder when 599612 is divided by 15374.
26
Calculate the remainder when 5478674 is divided by 30437.
14
What is the remainder when 31206707 is divided by 1560335?
7
Calculate the remainder when 871522741 is divided by 38.
37
Calculate the remainder when 6364405 is divided by 10315.
50
Calculate the remainder when 2535727 is divided by 498.
409
What is the remainder when 530009 is divided by 3892?
697
Calculate the remainder when 259917657 is divided by 833.
832
What is the remainder when 1130954 is divided by 161?
90
What is the remainder when 797722 is divided by 18993?
16
What is the remainder when 79501393 is divided by 26500452?
37
Calculate the remainder when 9228039 is divided by 11012.
10995
Calculate the remainder when 1423234 is divided by 177896.
66
Calculate the remainder when 14894479 is divided by 1241202.
55
What is the remainder when 3001462 is divided by 17?
10
What is the remainder when 104755 is divided by 2848?
2227
What is the remainder when 616662 is divided by 8563?
126
What is the remainder when 59211949 is divided by 272?
269
What is the remainder when 1474657 is divided by 43?
15
Calcul